0 a factor of 426109219?
False
Is 70884510 a multiple of 15?
True
Does 39 divide 1322262064?
False
Does 281 divide 21243207?
False
Is 1495139322 a multiple of 139?
True
Is 9 a factor of 1905458640?
False
Is 52 a factor of 440279216?
True
Is 490807725 a multiple of 15?
True
Is 322 a factor of 3629430?
False
Is 13262732 a multiple of 8?
False
Is 6377 a factor of 701828188?
False
Is 1742541855 a multiple of 383?
False
Is 5628961 a multiple of 13?
True
Does 5 divide 60059975?
True
Is 5 a factor of 27414875?
True
Does 1758 divide 53205870?
True
Does 13 divide 42264811?
False
Is 34631715 a multiple of 125?
False
Is 46 a factor of 55566949?
False
Is 133 a factor of 720583689?
False
Does 15 divide 148621315?
False
Is 5056 a factor of 134155558?
False
Does 130 divide 103086880?
True
Is 5 a factor of 308384869?
False
Does 12 divide 72696372?
True
Is 18870563 a multiple of 16?
False
Is 587441930 a multiple of 233?
True
Is 125384731 a multiple of 2?
False
Is 66 a factor of 8571420?
True
Does 23 divide 101095674?
False
Is 297 a factor of 268099227?
True
Is 34908434 a multiple of 19?
True
Is 197910882 a multiple of 234?
True
Is 10 a factor of 76990503?
False
Does 1802 divide 66214490?
True
Is 735 a factor of 205832365?
False
Is 39644137 a multiple of 160?
False
Does 83 divide 40281145?
True
Does 1541 divide 20534901?
False
Is 2340980 a multiple of 67?
True
Is 2066 a factor of 48099698?
False
Does 221 divide 2039323821?
False
Is 30 a factor of 1574195677?
False
Does 640 divide 90121860?
False
Is 243 a factor of 763404669?
True
Is 111140589 a multiple of 977?
True
Does 3695 divide 339723238?
False
Is 579266260 a multiple of 469?
False
Is 3309633 a multiple of 10?
False
Is 432 a factor of 379240482?
False
Is 2725170 a multiple of 7?
True
Is 965937708 a multiple of 6066?
True
Is 10338369 a multiple of 2?
False
Is 43 a factor of 10735466?
True
Is 420 a factor of 851562994?
False
Does 203 divide 120451561?
False
Does 18 divide 11442708?
True
Is 141 a factor of 1231842785?
False
Is 14 a factor of 188259529?
False
Is 1121 a factor of 9914124?
True
Is 42235662 a multiple of 1246?
True
Is 101 a factor of 39055589?
True
Is 3307 a factor of 2192820832?
False
Is 100 a factor of 273772500?
True
Is 3941919 a multiple of 9?
True
Does 48 divide 6706608?
True
Is 428534512 a multiple of 277?
True
Is 646613 a multiple of 22?
False
Is 9 a factor of 739015?
False
Is 44 a factor of 460747749?
False
Does 950 divide 3881698?
False
Is 2 a factor of 11094706?
True
Is 277 a factor of 217069388?
True
Is 68 a factor of 17841813?
False
Does 710 divide 51684450?
True
Does 75 divide 275269059?
False
Does 3494 divide 176460976?
True
Is 26744941 a multiple of 85?
False
Is 470 a factor of 6941303?
False
Is 82 a factor of 972930?
True
Does 2745 divide 4012219843?
False
Is 11 a factor of 26507591?
True
Is 2223815 a multiple of 21?
False
Is 99889300 a multiple of 46?
False
Is 12 a factor of 815642256?
True
Does 36 divide 25830432?
True
Does 39 divide 8830199?
False
Does 35 divide 1163511404?
False
Is 639401726 a multiple of 199?
True
Is 223 a factor of 328746009?
False
Does 36 divide 1802265948?
True
Is 11 a factor of 27526356?
True
Does 198 divide 1944271?
False
Is 418 a factor of 94495588?
True
Is 1725703672 a multiple of 6152?
True
Does 5 divide 73173140?
True
Does 3 divide 26081340?
True
Is 2627 a factor of 169974781?
True
Is 164 a factor of 48173455?
False
Is 212568662 a multiple of 9?
False
Is 2783 a factor of 215607359?
True
Is 6 a factor of 38410464?
True
Does 25 divide 20316224?
False
Does 50 divide 3595650?
True
Is 8 a factor of 75955528?
True
Is 50992782 a multiple of 28?
False
Does 1515 divide 511452104?
False
Is 36 a factor of 32227992?
True
Is 83 a factor of 933704551?
False
Is 48371417 a multiple of 779?
False
Is 1463 a factor of 10824737?
True
Is 6120 a factor of 5472573310?
False
Is 2004496221 a multiple of 13?
True
Is 2822898520 a multiple of 65?
True
Is 50483136 a multiple of 1415?
False
Is 424461031 a multiple of 16?
False
Is 131416371 a multiple of 12?
False
Is 6852224 a multiple of 498?
False
Does 245 divide 331269645?
True
Does 432 divide 154003145?
False
Is 19 a factor of 17391593?
True
Does 7 divide 223777501?
False
Is 1233 a factor of 2253472722?
True
Is 3184 a factor of 242546270?
False
Is 8 a factor of 253440844?
False
Does 63 divide 26280954?
True
Is 345948349 a multiple of 149?
True
Is 2666908046 a multiple of 22?
True
Does 649 divide 2250636668?
False
Does 2454 divide 3487300872?
True
Is 878 a factor of 139650290?
True
Is 10865140 a multiple of 1437?
False
Does 3 divide 62506658?
False
Does 7 divide 29516697?
True
Is 3253 a factor of 296920828?
True
Is 1998 a factor of 895249854?
True
Is 118 a factor of 59041300?
True
Is 6 a factor of 17654802?
True
Is 45 a factor of 7366680?
True
Is 67 a factor of 11243988?
False
Is 44242015 a multiple of 20?
False
Is 127682304 a multiple of 992?
True
Is 32 a factor of 791904608?
True
Does 136 divide 16946864?
False
Does 358 divide 1696444934?
True
Is 42422745 a multiple of 9?
False
Is 1316 a factor of 555898827?
False
Is 456 a factor of 33617145?
False
Is 24796085 a multiple of 54?
False
Is 876 a factor of 86912340?
True
Does 10 divide 15848260?
True
Is 3350 a factor of 900449850?
True
Does 147 divide 3939298?
False
Does 305 divide 43139403?
False
Is 38 a factor of 1465683180?
True
Is 29269533 a multiple of 46?
False
Is 7 a factor of 45946097?
False
Does 24 divide 10116024?
True
Does 248 divide 34305887?
False
Is 2606011800 a multiple of 6524?
True
Is 33683065 a multiple of 385?
False
Is 67 a factor of 3077457?
False
Is 622 a factor of 471561214?
True
Is 180 a factor of 14786019?
False
Is 7089103 a multiple of 79?
False
Is 3179965412 a multiple of 1066?
True
Is 75 a factor of 28596825?
True
Is 606537360 a multiple of 72?
True
Is 6454 a factor of 347096120?
True
Is 87304509 a multiple of 12?
False
Is 76387192 a multiple of 14?
True
Is 215 a factor of 643212950?
False
Does 91 divide 56645953?
True
Does 1697 divide 24136431?
True
Is 2862516137 a multiple of 14?
False
Is 435095430 a multiple of 420?
False
Is 60829746 a multiple of 453?
True
Does 11 divide 333613?
False
Does 123 divide 980370?
False
Does 71 divide 51841483?
False
Is 1645003250 a multiple of 7975?
True
Is 276051521 a multiple of 37?
False
Does 10 divide 303584?
False
Is 65 a factor of 98032545?
True
Does 1354 divide 52381464?
False
Is 845707040 a multiple of 10?
True
Does 401 divide 26931463?
False
Is 207943200 a multiple of 15?
True
Does 353 divide 8427823?
False
Is 438410766 a multiple of 3914?
False
Is 97 a factor of 570494927?
True
Is 1473528030 a multiple of 214?
True
Is 177316894 a multiple of 865?
False
Does 241 divide 84560120?
False
Is 403 a factor of 202274163?
True
Does 347 divide 233547309?
True
Is 16431834 a multiple of 2945?
False
Does 707 divide 184735330?
False
Is 4646 a factor of 104521062?
True
Does 8879 divide 234048768?
False
Does 765 divide 1278417510?
True
Is 136 a factor of 45635795?
False
Does 13 divide 29514648?
False
Does 235 divide 482825248?
False
Is 43 a factor of 1124869835?
False
Is 126 a factor of 23231964?
False
Is 3868830 a multiple of 621?
True
Is 223282 a multiple of 83?
False
Is 1950147985 a multiple of 239?
True
Is 19195591 a multiple of 1511?
False
Is 7668320 a multiple of 57?
False
Is 731 a factor of 56269456?
True
Is 2 a factor of 254116?
True
Is 404691621 a multiple of 10?
False
Is 24 a factor of 189876037?
False
Is 10 a factor of 97833880?
True
Is 1565 a factor of 66016922?
False
Is 147 a factor of 5554395?
True
Does 103 divide 203724421?
True
Does 3575 divide 609314558?
False
Is 4176390 a multiple of 1081?
False
Is 106 a factor of 8132666?
False
Is 682311900 a multiple of 50?
True
Is 194731474 a multiple of 593?
False
Is 701593798 a multiple of 62?
True
Does 90 divide 54370408?
False
Is 32 a factor of 572360896?
True
Is 18 a factor of 307294044?
False
Is 12 a factor of 12621440?
False
Does 9 divide 1475518194?
True
Is 10922798 a multiple of 206?
False
Is 3 a factor of 258235142?
False
Is 1192 a factor of 34603806?
False
Is 313474935 a multiple of 115?
True
Is 190219875 a multiple of 46?
False
Is 115429104 a multiple of 38?
True
Does 354 divide 32102934?
False
Is 1049 a factor of 9734733?
False
Is 38 a factor of 257445359